et i = -15601 + 28012. What is the units digit of i?
1
Let l(d) = 104*d**3 + d**2 + 2*d + 1. Let a be l(-1). Suppose 33*y = 40*y - 1309. Let r = a + y. What is the tens digit of r?
8
Let b(u) = 464*u**2 - 28*u + 29. What is the hundreds digit of b(5)?
4
Suppose -16 = -4*u - 2*g, -4*g + 1 + 13 = -u. What is the units digit of 11/44 - (u - (-3788)/(-16))?
5
Let c be -186 + (-21)/(-14)*8/(-6). Let l be c/(-32)*-14 + 1/4. Let f = 161 + l. What is the units digit of f?
9
What is the units digit of ((-5)/(-3)*(-4)/10)/((-132)/4998114)?
3
Suppose 2*m - 21 = 5*h, 5*h - 4 = m - 27. Let a be (-2)/(-10) - h/(-25). Suppose a = r + 3*t - 31, 5*r - 2*t - 191 = -5*t. What is the tens digit of r?
4
Suppose -13*d = -82432 - 222951. What is the tens digit of d?
9
Let q(l) = 82*l**2 + 48*l + 775. What is the hundreds digit of q(-10)?
4
Let z be (-85)/(-7) + (-2)/14 + 0. What is the units digit of (6 + z + -6)*2?
4
Suppose -76*x = -34*x + 4998. Suppose -4*m + 256 + 1076 = 0. Let t = m + x. What is the units digit of t?
4
Suppose 7*q + 5*q = 22392. Suppose -q = 14*c - 8852. What is the hundreds digit of c?
4
Let k(s) = 463*s - 10047. What is the thousands digit of k(66)?
0
Suppose 185*h - 182*h = -9, -3*x + 34410 = 4*h. What is the hundreds digit of x?
4
Let u(n) = n**3 - 23*n**2 + 47*n + 232. What is the units digit of u(33)?
3
Let j(g) = -4888*g - 498. What is the ten thousands digit of j(-3)?
1
Suppose -4*j = i - 11730, 0 = -i + 106*j - 111*j + 11728. What is the thousands digit of i?
1
Suppose 5*n + 5*j - 7 = j, 4*j - 14 = 2*n. Let o be (0 - 34)/(n/3). Suppose -5*y + o = -133. What is the tens digit of y?
4
Let o = -28 + 29. Let c be 1/(-3) - ((-14)/6 - o). Suppose -c*t - 2*t + 4*b = -274, 0 = t - 3*b - 46. What is the units digit of t?
8
Suppose 86*m - 69*m = 255. Suppose -5*i + 2*i = -2415. Suppose 20*t - m*t - i = 0. What is the hundreds digit of t?
1
Let k be -2 + 2 + (269 - -4). Suppose 3*y - 4 = 2*g - 0*g, -4*g - 8 = -5*y. Suppose 3*v + y*o - 273 = -2*o, -o = 3*v - k. What is the tens digit of v?
9
Let v be (-12)/(-78) - (-76)/13. Suppose v*i + 266 = 1328. Suppose 3*y + 9 = -0, 0 = 3*j - 2*y - i. What is the tens digit of j?
5
Let p(d) = -41*d - 13. Let u(i) = -i**3 - 9*i**2 + i + 11. Let s be u(-9). Suppose 0 = 4*w, 0*w = -5*n + s*w - 15. What is the tens digit of p(n)?
1
Suppose -2*t - i + 1789 = t, 4*i - 4 = 0. Suppose -2*z + 1646 = t. What is the hundreds digit of z?
5
Suppose 6*z = 146 + 124. Suppose z = -3*j - 0*j. Let x(n) = -4*n - 16. What is the tens digit of x(j)?
4
Suppose 28*w - 29*w - 2*l + 2526 = 0, -w + 2522 = 4*l. What is the tens digit of w?
3
Suppose 67*t - 1186 = 65*t. Suppose 599 = 3*c - 4*w, 3*c + 0*c = w + t. What is the units digit of c?
7
Let j(l) = -739*l**3 + 3*l**2 + 2*l - 8. Let w be j(4). What is the hundreds digit of (-11)/(-4) - 3 - w/64?
7
Suppose z = -6*z + 156152 - 26057. What is the tens digit of z?
8
Suppose 0 = 28*p - 33*p - 20. Suppose -4*j = -8, -m + 5*j = 3*j + 526. What is the tens digit of m/p + (-9)/(-6)?
3
Let a be 24/(-132) + (-26264)/22. What is the hundreds digit of (a/(-1))/(3 - 2) + -3?
1
Let g = 5997 + -3062. What is the hundreds digit of g?
9
Suppose 2*c - 8 - 34 = 0. Let s = c + -21. Suppose s = -2*t + 35 - 1. What is the tens digit of t?
1
Let u = 8769 - -439. What is the units digit of u?
8
Let b(n) = -6*n - 5. Let p be b(0). What is the units digit of (478 - p) + 2 - -4?
9
Suppose -5*t - 3*d + 7401 = -17880, t - 5010 = 6*d. What is the thousands digit of t?
5
Suppose -t = 18 - 20. Let l = 5 - t. Suppose -297 = -l*c + 4*f, 7*c - 3*c - 383 = f. What is the units digit of c?
5
Let u = 3048 - 4440. What is the hundreds digit of (u/32)/(2/(-8))?
1
Let j(y) be the first derivative of y**4/4 - 11*y**3/3 + 27*y**2/2 - 40*y + 202. What is the thousands digit of j(15)?
1
Suppose 1933*k - 1912*k = 153930. What is the thousands digit of k?
7
What is the tens digit of 2363 + 17 + (-3 - -14)?
9
What is the hundreds digit of (-6642990)/(-620)*(-2)/(-27)*12?
5
Suppose z = -17 + 19. Suppose -z*a = 3*n - 17, -4*a - 3*n + 9 = -2*n. What is the units digit of 9/(3 + 0) - (a + -23)?
5
Let t be (-56)/(-42) + ((-12)/9)/4. What is the tens digit of 1*(9/3*t - -406)?
0
Suppose -4*h + r = -17, 2*h - r - 7 = -0*h. Suppose -600 = -h*t + 325. Let z = -80 + t. What is the tens digit of z?
0
Let c(n) = 8*n**3 - n**2 + 4*n - 20. Let z be c(7). Suppose 5*b + 0*a - a - z = 0, 0 = 2*b + 3*a - 1071. What is the hundreds digit of b?
5
Suppose 0 = -3*h - 2*l + 68819, h - 11180 - 11768 = l. What is the ten thousands digit of h?
2
Let x = 7354 - 3898. What is the units digit of x?
6
Let z(d) = 16 - 19 + 0*d**3 + 5 - d - 5*d**2 + 2*d**3 + d**3. Suppose -16 = -3*i - i. What is the tens digit of z(i)?
1
Let s(d) = 20*d + 195. Suppose 4*w - 8*r = -12*r + 160, -2*w - 3*r = -77. What is the hundreds digit of s(w)?
0
Let u(d) = 464*d**2 - 17*d + 144. What is the ten thousands digit of u(-8)?
2
Suppose 1071125 = -5224*q + 5249*q. What is the ten thousands digit of q?
4
Let j(d) = d**3 + 12*d**2 - 4*d - 44. Let q be j(-12). Suppose 2*z - 993 = -q*s - 3*z, 4*z = -5*s + 1248. What is the units digit of s?
2
Suppose -5*k + 30194 = l, 221*l = -3*k + 220*l + 18116. What is the thousands digit of k?
6
Let v be -1 + -4 + 3 + 4. Let w be 14/6 - v/(-3). Suppose -w*m + 5*m = 8. What is the units digit of m?
4
Let y = -13381 + 25139. What is the units digit of y?
8
Suppose 12*t - 38*t - 11128 = 0. Let a = 734 + t. What is the hundreds digit of a?
3
Let w be 4/(-30) - (-1520)/150. Suppose -17*u = -15*u - w. Suppose u*h - 1259 = -424. What is the tens digit of h?
6
Let m = -71790 - -104286. What is the hundreds digit of m?
4
Let d(j) = 161*j - 6. Let b be d(2). Let t = b + -194. What is the hundreds digit of t?
1
What is the ten thousands digit of 298 + 14353 - (1 + -4)?
1
Let q be -351 - ((-7)/(28/8) + -2). Let u = q + 591. What is the hundreds digit of u?
2
Let y be 2/(5 - 64/12) + 17. Suppose -y*k + 43 + 210 = 0. What is the tens digit of k?
2
Let b = 91618 - 52285. What is the thousands digit of b?
9
Let v(o) = 3*o + 21. Let i be v(-7). Let m(u) = -186*u**3 - 3*u**2 - 4*u + 1. Let y be m(-2). Suppose -10*f - f + y = i. What is the tens digit of f?
3
Suppose -25*w + 131892 + 40553 = -461255. What is the ten thousands digit of w?
2
Let c(v) = v**2 + 3*v - 102. Let y be c(-13). Let o be 3/2*(-56)/(-6). Suppose o*w - 12*w - y = 0. What is the tens digit of w?
1
Suppose -78*u + 65*u = -x + 53275, -4*x + 213613 = 5*u. What is the tens digit of x?
9
Let s(c) = -c**2 + 6*c - 8. Let u be s(6). Let n(b) = -13*b + 14*b - 17 - b - 5*b. What is the tens digit of n(u)?
2
Let s(a) = -a**2 + 3363. Let c be s(0). Suppose -8*t + 11*t = c. Suppose 673 = 13*b - t. What is the tens digit of b?
3
Let m = 37 - 61. Let z(s) = -s**3 - 11*s**2 - s + 39. Let f be z(-12). Let q = f + m. What is the tens digit of q?
7
Let t = -3992 + 13852. What is the hundreds digit of t?
8
Let c = -97 - -124. Let h = 220 + c. What is the units digit of h?
7
Suppose 14*d - 74766 = 42876. What is the thousands digit of d?
8
What is the thousands digit of 19331*(94/23 + -4 - 315/(-345))?
9
Let q(d) = 166*d + 3091. What is the tens digit of q(24)?
7
Let o(a) = 5*a**2 - 4*a + 1. Let z be o(1). Suppose 3*s + 117 = z*s + 3*b, 482 = -4*s - 2*b. Let x = s + 200. What is the units digit of x?
0
Let o(w) = 18*w**3 + 10*w**2 + 27*w - 30. What is the hundreds digit of o(7)?
8
What is the hundreds digit of ((-576)/27 - 4)/(4/(-1008))?
3
Let m be 1/2*0 + (7 - 3). Suppose -m*t + 497 = -171. What is the hundreds digit of t?
1
Let a = 38819 - 25217. What is the hundreds digit of a?
6
Suppose -6*l + 12826 = -33716. What is the thousands digit of l?
7
Let n be -32*(9/(-11) - (-4)/(-22)). Let d be 22/187 + n/17. Suppose 5 = z - d*f - 81, 5*z - 395 = 3*f. What is the tens digit of z?
7
Let m(c) = 43*c - 81. Let k be m(2). Let i(d) = 7*d**3 + 2. Let b be i(3). Suppose 3*j = 5*z - 357, 3*z - b = j - k*j. What is the units digit of z?
9
Suppose -12 - 28 = -10*a. Let v(n) = 153*n - 44. What is the hundreds digit of v(a)?
5
Let h(j) = -j**3 + 17*j**2 + 11*j - 15. Let q be h(8). Let w be (-2917)/(-7) + 62/217. Let d = q - w. What is the hundreds digit of d?
2
Let o be (18/5)/(30/200). Suppose -25*p + 703 = -o*p + 5*w, 0 = 